{"id":102,"date":"2019-07-11T22:07:48","date_gmt":"2019-07-11T20:07:48","guid":{"rendered":"https:\/\/ihaus.org\/eulit\/?page_id=102"},"modified":"2020-10-11T18:47:05","modified_gmt":"2020-10-11T16:47:05","slug":"kinga-toth","status":"publish","type":"page","link":"http:\/\/mediaservice.ihaus.org\/eulit\/elk-alumni\/kinga-toth\/","title":{"rendered":"Kinga T\u00f3th"},"content":{"rendered":"<p>Kinga T\u00f3th, geb. 1983, lebt in Ungarn und Deutschland. Sie ist Sprachwissenschaftlerin, (Klang-)Poet-Illustratorin und Kulturmanagerin. Ihre Texte inszeniert sie als Performance und mit Installationen. Preise und Stipendien: Iowa Writer Academy, LCB,&nbsp;Bosch-Wimmelforschung, Solitude Akademie, Havirov, Visegrad-Bratislava,&nbsp;Eduard-Rosenthal-Stipendium, GEDOK, Hazai-Attila-Preis f\u00fcr Literatur. Zu ihren Publikationen z\u00e4hlen Gedichtb\u00e4nde (auf Ungarisch, Deutsch und Englisch) mit Illustrationen:&nbsp;Zs\u00far(Party, Prae, 2013),&nbsp;ALL MACHINE\/Allmaschine&nbsp;(Akademie Schloss&nbsp;Solitude, Magvet),&nbsp;Village 024&nbsp;(Melting Books),&nbsp;Mondgesichter&nbsp;(Magvet, 2017),&nbsp;Flugschrift-Sprachbau&nbsp;(2018). In der&nbsp;parasitenpresse&nbsp;erschienen&nbsp;<a href=\"https:\/\/parasitenpresse.wordpress.com\/2016\/09\/22\/kinga-toth-wir-bauen-eine-stadt\/\" target=\"_blank\" rel=\"noopener noreferrer\">Wir bauen eine Stadt<\/a>&nbsp;(2016) und Party (2019). Zur Zeit ist sie Stadtschreiberin in Graz und arbeitet an neuen Text-Klangprojekten.<\/p>\n\n\n<figure class=\"wp-block-audio\"><audio controls src=\"https:\/\/eulit.org\/wp-content\/uploads\/sites\/8\/2020\/07\/Europaische-Literatur-Festival-Lesung-07.mp3\"><\/audio><figcaption>Kinga T\u00f3th_Europ\u00e4isches Literaturfestival K\u00f6ln-Kalk #1<\/figcaption><\/figure>\n","protected":false},"excerpt":{"rendered":"<p>Kinga T\u00f3th, geb. 1983, lebt in Ungarn und Deutschland. Sie ist Sprachwissenschaftlerin, (Klang-)Poet-Illustratorin und Kulturmanagerin. Ihre Texte inszeniert sie als Performance und mit Installationen. Preise und Stipendien: Iowa Writer Academy, LCB,&nbsp;Bosch-Wimmelforschung, Solitude Akademie, Havirov, Visegrad-Bratislava,&nbsp;Eduard-Rosenthal-Stipendium, GEDOK, Hazai-Attila-Preis f\u00fcr Literatur. Zu ihren Publikationen z\u00e4hlen Gedichtb\u00e4nde (auf Ungarisch, Deutsch und Englisch) mit Illustrationen:&nbsp;Zs\u00far(Party, Prae, 2013),&nbsp;ALL MACHINE\/Allmaschine&nbsp;(Akademie Schloss&nbsp;Solitude, [&hellip;]<\/p>\n","protected":false},"author":1,"featured_media":44,"parent":187,"menu_order":70,"comment_status":"closed","ping_status":"closed","template":"","meta":{"_coblocks_attr":"","_coblocks_dimensions":"","_coblocks_responsive_height":"","_coblocks_accordion_ie_support":"","hide_page_title":"","footnotes":""},"class_list":["post-102","page","type-page","status-publish","has-post-thumbnail","hentry"],"_links":{"self":[{"href":"http:\/\/mediaservice.ihaus.org\/eulit\/wp-json\/wp\/v2\/pages\/102","targetHints":{"allow":["GET"]}}],"collection":[{"href":"http:\/\/mediaservice.ihaus.org\/eulit\/wp-json\/wp\/v2\/pages"}],"about":[{"href":"http:\/\/mediaservice.ihaus.org\/eulit\/wp-json\/wp\/v2\/types\/page"}],"author":[{"embeddable":true,"href":"http:\/\/mediaservice.ihaus.org\/eulit\/wp-json\/wp\/v2\/users\/1"}],"replies":[{"embeddable":true,"href":"http:\/\/mediaservice.ihaus.org\/eulit\/wp-json\/wp\/v2\/comments?post=102"}],"version-history":[{"count":1,"href":"http:\/\/mediaservice.ihaus.org\/eulit\/wp-json\/wp\/v2\/pages\/102\/revisions"}],"predecessor-version":[{"id":224,"href":"http:\/\/mediaservice.ihaus.org\/eulit\/wp-json\/wp\/v2\/pages\/102\/revisions\/224"}],"up":[{"embeddable":true,"href":"http:\/\/mediaservice.ihaus.org\/eulit\/wp-json\/wp\/v2\/pages\/187"}],"wp:featuredmedia":[{"embeddable":true,"href":"http:\/\/mediaservice.ihaus.org\/eulit\/wp-json\/"}],"wp:attachment":[{"href":"http:\/\/mediaservice.ihaus.org\/eulit\/wp-json\/wp\/v2\/media?parent=102"}],"curies":[{"name":"wp","href":"https:\/\/api.w.org\/{rel}","templated":true}]}}