{"id":96,"date":"2019-07-11T22:06:18","date_gmt":"2019-07-11T20:06:18","guid":{"rendered":"https:\/\/ihaus.org\/eulit\/?page_id=96"},"modified":"2020-10-11T18:46:06","modified_gmt":"2020-10-11T16:46:06","slug":"audun-mortensen","status":"publish","type":"page","link":"http:\/\/mediaservice.ihaus.org\/eulit\/elk-alumni\/audun-mortensen\/","title":{"rendered":"Audun\u00a0Mortensen"},"content":{"rendered":"<p>Audun&nbsp;Mortensen (* 1985) wohnt in Oslo und hat 10 B\u00fccher (Lyrik und Prosa) im norwegischen Flamme Verlag ver\u00f6ffentlicht. Zwei seiner B\u00fccher wurden auf Deutsch \u00fcbersetzt:&nbsp;&#8222;\u017di\u017eek&#8217;s Jokes&#8220; (Suhrkamp, 2014) und &#8222;Hatte Kurt Cobain eine E-Mail-Adresse?&#8220; (Parasitenpresse, 2019). Neben seiner schriftstellerischen T\u00e4tigkeit hat Mortensen k\u00fcnstlerische Werke in der V1 Galerie in Kopenhagen, in der Gagosian Galerie in New York, in der Futura Galerie in Prag und im Hordaland Kunstcenter in Bergen ausgestellt.<\/p>\n\n\n<figure class=\"wp-block-audio\"><audio controls src=\"https:\/\/eulit.org\/wp-content\/uploads\/sites\/8\/2020\/07\/Europaische-Literatur-Festival-Lesung-11.mp3\"><\/audio><figcaption>Audun Mortensen_Europ\u00e4isches Literaturfestival K\u00f6ln-Kalk #1<\/figcaption><\/figure>\n\n\n\n<figure class=\"wp-block-audio\"><audio controls src=\"https:\/\/eulit.org\/wp-content\/uploads\/sites\/8\/2020\/07\/Europaische-Literatur-Festival-Lesung-10.mp3\"><\/audio><figcaption>Anna Pia Jordan Bertinelli_Audun Mortensen_Europ\u00e4isches Literaturfestival K\u00f6ln-Kalk #1_\u00dcbersetzung<\/figcaption><\/figure>\n","protected":false},"excerpt":{"rendered":"<p>Audun&nbsp;Mortensen (* 1985) wohnt in Oslo und hat 10 B\u00fccher (Lyrik und Prosa) im norwegischen Flamme Verlag ver\u00f6ffentlicht. Zwei seiner B\u00fccher wurden auf Deutsch \u00fcbersetzt:&nbsp;&#8222;\u017di\u017eek&#8217;s Jokes&#8220; (Suhrkamp, 2014) und &#8222;Hatte Kurt Cobain eine E-Mail-Adresse?&#8220; (Parasitenpresse, 2019). Neben seiner schriftstellerischen T\u00e4tigkeit hat Mortensen k\u00fcnstlerische Werke in der V1 Galerie in Kopenhagen, in der Gagosian Galerie in [&hellip;]<\/p>\n","protected":false},"author":1,"featured_media":47,"parent":187,"menu_order":50,"comment_status":"closed","ping_status":"closed","template":"","meta":{"_coblocks_attr":"","_coblocks_dimensions":"","_coblocks_responsive_height":"","_coblocks_accordion_ie_support":"","hide_page_title":"","footnotes":""},"class_list":["post-96","page","type-page","status-publish","has-post-thumbnail","hentry"],"_links":{"self":[{"href":"http:\/\/mediaservice.ihaus.org\/eulit\/wp-json\/wp\/v2\/pages\/96","targetHints":{"allow":["GET"]}}],"collection":[{"href":"http:\/\/mediaservice.ihaus.org\/eulit\/wp-json\/wp\/v2\/pages"}],"about":[{"href":"http:\/\/mediaservice.ihaus.org\/eulit\/wp-json\/wp\/v2\/types\/page"}],"author":[{"embeddable":true,"href":"http:\/\/mediaservice.ihaus.org\/eulit\/wp-json\/wp\/v2\/users\/1"}],"replies":[{"embeddable":true,"href":"http:\/\/mediaservice.ihaus.org\/eulit\/wp-json\/wp\/v2\/comments?post=96"}],"version-history":[{"count":1,"href":"http:\/\/mediaservice.ihaus.org\/eulit\/wp-json\/wp\/v2\/pages\/96\/revisions"}],"predecessor-version":[{"id":222,"href":"http:\/\/mediaservice.ihaus.org\/eulit\/wp-json\/wp\/v2\/pages\/96\/revisions\/222"}],"up":[{"embeddable":true,"href":"http:\/\/mediaservice.ihaus.org\/eulit\/wp-json\/wp\/v2\/pages\/187"}],"wp:featuredmedia":[{"embeddable":true,"href":"http:\/\/mediaservice.ihaus.org\/eulit\/wp-json\/"}],"wp:attachment":[{"href":"http:\/\/mediaservice.ihaus.org\/eulit\/wp-json\/wp\/v2\/media?parent=96"}],"curies":[{"name":"wp","href":"https:\/\/api.w.org\/{rel}","templated":true}]}}